 to base 15.
-9
Convert 24 (base 10) to base 3.
220
-3 (base 9) to base 4
-3
What is 10 (base 9) in base 2?
1001
What is -145 (base 8) in base 5?
-401
1110 (base 3) to base 11
36
Convert 123 (base 5) to base 9.
42
9 (base 14) to base 7
12
What is -2 (base 12) in base 8?
-2
131 (base 4) to base 6
45
67 (base 13) to base 2
1010101
What is 184 (base 12) in base 11?
202
What is -160 (base 10) in base 13?
-c4
-6 (base 9) to base 11
-6
Convert -13 (base 7) to base 14.
-a
112 (base 4) to base 13
19
Convert 75 (base 11) to base 12.
6a
Convert -61 (base 7) to base 16.
-2b
What is 1 (base 3) in base 15?
1
What is -13 (base 6) in base 9?
-10
What is c4 (base 14) in base 5?
1142
What is -3 (base 14) in base 2?
-11
What is -121 (base 6) in base 16?
-31
1 (base 4) to base 16
1
213 (base 4) to base 5
124
1233 (base 5) to base 3
21011
1223 (base 5) to base 4
2330
What is -1 (base 2) in base 16?
-1
-6 (base 9) to base 6
-10
-100 (base 3) to base 10
-9
What is 104 (base 7) in base 9?
58
Convert -4 (base 14) to base 9.
-4
2 (base 12) to base 7
2
What is -11 (base 2) in base 3?
-10
What is -1102 (base 3) in base 16?
-26
Convert 64 (base 12) to base 4.
1030
1101 (base 3) to base 4
211
Convert -135 (base 16) to base 6.
-1233
102 (base 4) to base 6
30
What is -303 (base 5) in base 10?
-78
What is -15 (base 9) in base 6?
-22
Convert -58 (base 13) to base 6.
-201
-141 (base 6) to base 15
-41
What is -2 (base 10) in base 3?
-2
Convert -2 (base 16) to base 11.
-2
What is 64 (base 13) in base 15?
57
-1 (base 5) to base 4
-1
What is 30 (base 4) in base 13?
c
What is 0 (base 6) in base 10?
0
What is -63 (base 15) in base 14?
-69
4b (base 15) to base 7
131
Convert 10 (base 2) to base 10.
2
Convert -10100 (base 2) to base 7.
-26
-9 (base 10) to base 13
-9
2 (base 10) to base 16
2
Convert 20 (base 4) to base 5.
13
-26 (base 16) to base 14
-2a
Convert -4 (base 5) to base 4.
-10
Convert -31 (base 5) to base 14.
-12
-3 (base 4) to base 5
-3
What is 2 (base 5) in base 4?
2
Convert -1011 (base 3) to base 12.
-27
What is -45 (base 11) in base 15?
-34
3 (base 6) to base 10
3
What is -1 (base 8) in base 7?
-1
Convert 6 (base 8) to base 16.
6
-11 (base 8) to base 11
-9
Convert 332 (base 4) to base 5.
222
2 (base 3) to base 13
2
Convert 12 (base 13) to base 6.
23
36 (base 13) to base 7
63
Convert -59 (base 14) to base 13.
-61
1 (base 16) to base 12
1
-111 (base 2) to base 7
-10
Convert -2 (base 7) to base 11.
-2
What is -31 (base 13) in base 15?
-2a
Convert -31 (base 9) to base 7.
-40
What is 12 (base 4) in base 3?
20
Convert 2 (base 3) to base 5.
2
-1 (base 6) to base 12
-1
What is 8b (base 12) in base 2?
1101011
What is -25 (base 11) in base 14?
-1d
What is -12 (base 11) in base 9?
-14
Convert 4 (base 7) to base 3.
11
What is -13c (base 13) in base 5?
-1340
156 (base 7) to base 3
10100
What is -12 (base 5) in base 10?
-7
What is 1010 (base 2) in base 15?
a
What is -3 (base 6) in base 5?
-3
Convert 65 (base 12) to base 15.
52
Convert -207 (base 12) to base 9.
-357
What is -1 (base 16) in base 10?
-1
Convert -1 (base 13) to base 16.
-1
Convert -31 (base 12) to base 15.
-27
What is 5 (base 12) in base 4?
11
-a (base 16) to base 4
-22
-115 (base 16) to base 9
-337
Convert -73 (base 12) to base 10.
-87
What is 34 (base 9) in base 16?
1f
5 (base 10) to base 16
5
6 (base 13) to base 6
10
What is -1 (base 9) in base 2?
-1
Convert -13 (base 16) to base 6.
-31
What is 6 (base 16) in base 5?
11
Convert 20 (base 16) to base 4.
200
-2 (base 7) to base 13
-2
Convert -12 (base 3) to base 9.
-5
What is 58 (base 13) in base 9?
81
Convert -25b (base 12) to base 3.
-111022
Convert 4 (base 15) to base 6.
4
What is 11 (base 7) in base 13?
8
7 (base 9) to base 2
111
Convert 17 (base 8) to base 12.
13
4 (base 12) to base 3
11
10 (base 6) to base 11
6
Convert -1 (base 4) to base 7.
-1
What is 2 (base 13) in base 2?
10
Convert 63 (base 13) to base 8.
121
What is -2 (base 5) in base 7?
-2
What is c (base 15) in base 7?
15
Convert 0 (base 15) to base 14.
0
What is -13 (base 13) in base 7?
-22
Convert -6 (base 12) to base 4.
-12
Convert 28 (base 15) to base 2.
100110
Convert -13 (base 12) to base 11.
-14
55 (base 9) to base 5
200
What is 3 (base 6) in base 12?
3
-6 (base 14) to base 5
-11
111 (base 8) to base 12
61
-1101 (base 3) to base 9
-41
-12 (base 9) to base 12
-b
What is 66 (base 8) in base 7?
105
Convert 0 (base 5) to base 9.
0
What is 77 (base 9) in base 6?
154
Convert -36 (base 14) to base 12.
-40
-15 (base 15) to base 3
-202
What is 21 (base 16) in base 11?
30
Convert -1 (base 4) to base 10.
-1
1021 (base 5) to base 15
91
Convert -4 (base 6) to base 15.
-4
-100 (base 9) to base 6
-213
What is -33 (base 8) in base 10?
-27
What is 1001 (base 2) in base 3?
100
101 (base 2) to base 12
5
What is -5 (base 8) in base 10?
-5
3 (base 9) to base 12
3
Convert -7 (base 12) to base 5.
-12
What is 233 (base 12) in base 10?
327
What is -2121 (base 3) in base 16?
-46
-34 (base 5) to base 2
-10011
Convert 22 (base 14) to base 10.
30
Convert 67 (base 15) to base 16.
61
Convert 33 (base 6) to base 2.
10101
Convert -40 (base 13) to base 5.
-202
What is 27 (base 8) in base 16?
17
-59 (base 10) to base 11
-54
What is 1b (base 12) in base 16?
17
Convert 1110011 (base 2) to base 13.
8b
Convert -2 (base 16) to base 6.
-2
Convert 12 (base 13) to base 5.
30
Convert -2 (base 5) to base 10.
-2
What is -1e (base 15) in base 10?
-29
Convert 168 (base 9) to base 8.
217
250 (base 7) to base 9
157
Convert -4 (base 6) to base 10.
-4
Convert 4 (base 5) to base 7.
4
What is -111 (base 11) in base 6?
-341
Convert 2 (base 3) to base 6.
2
What is -4 (base 12) in base 11?
-4
102202 (base 3) to base 6
1245
Convert -3 (base 10) to base 6.
-3
What is -27 (base 10) in base 12?
-23
-a (base 12) to base 4
-22
1100 (base 2) to base 12
10
143 (base 13) to base 16
e0
-2 (base 5) to base 11
-2
What is -10010 (base 2) in base 14?
-14
What is -364 (base 7) in base 2?
-11000001
-11 (base 7) to base 13
-8
1 (base 15) to base 12
1
What is -13 (base 7) in base 8?
-12
What is 4 (base 6) in base 13?
4
What is -14 (base 11) in base 13?
-12
Convert -100 (base 4) to base 9.
-17
Convert 45 (base 6) to base 9.
32
What is -13 (base 4) in base 3?
-21
-22 (base 11) to base 9
-26
-656 (base 7) to base 5
-2320
162 (base 15) to base 10
317
Convert -100 (base 2) to base 8.
-4
What is 1e (base 16) in base 3?
1010
6 (base 11) to base 12
6
2 (base 5) to base 15
2
Convert -2 (base 14) to base 6.
-2
What is 6 (base 16) in base 13?
6
What is 4 (base 11) in base 12?
4
555 (base 6) to base 14
115
Convert -100 (base 3) to base 9.
-10
What is 12 (base 5) in base 7?
10
What is -1010 (base 2) in base 11?
-a
0 (base 10) to base 4
0
What is -2 (base 6) in base 5?
-2
What is -4 (base 10) in base 4?
-10
Convert -1 (base 15) to base 2.
-1
Convert -33 (base 14) to base 6.
-113
Convert 5 (base 8) to base 13.
5
Convert -2 (base 7) to base 16.
-2
Convert -1 (base 4) to base 12.
-1
Convert -10 (base 5) to base 6.
-5
Convert -101 (base 2) to base 9.
-5
Convert -67 (base 16) to base 10.
-103
Convert -2 (base 5) to base 6.
-2
Convert -212 (base 5) to base 8.
-71
What is -145 (base 6) in base 12?
-55
What is -14 (base 8) in base 3?
-110
What is 95 (base 11) in base 7?
206
What is 3 (base 11) in base 3?
10
Convert -51 (base 15) to base 7.
-136
Convert 0 (base 12) to base 13.
0
-14 (base 10) to base 16
-e
Convert 2 (base 12) to base 6.
2
Convert -24 (base 5) to base 6.
-22
Convert -1 (base 13) to base 4.
-1
Convert -27 (base 15) to base 11.
-34
What is -118 (base 13) in base 10?
-190
-1 (base 3) to base 6
-1
212 (base 7) to base 15
72
-52 (base 8) to base 15
-2c
Convert -37 (base 15) to base 8.
-64
Convert 2 (base 5) to base 14.
2
4 (base 5) to base 14
4
Convert -2e (base 16) to base 9.
-51
Convert 1122 (base 4) to base 6.
230
Convert 0 (base 5) to base 13.
0
-2 (base 8) to base 6
-2
What is 27 (base 10) in base 15?
1c
Convert 19 (base 15) to base 7.
33
Convert -b7 (base 12) to base 5.
-1024
What is -5 (base 15) in base 5?
-10
What is -101 (base 4) in base 15?
-12
-5 (base 13) to base 8
-5
36 (base 10) to base 6
100
Convert -4 (base 7) to base 10.
-4
-155 (base 7) to base 6
-225
Convert 58 (base 10) to base 11.
53
Convert -5 (base 9) to base 10.
-5
Convert -b (base 12) to base 3.
-102
What is